{"id":1420,"date":"2026-01-30T11:48:04","date_gmt":"2026-01-30T11:48:04","guid":{"rendered":"https:\/\/www.mefsaglik.com\/?page_id=1420"},"modified":"2026-01-30T12:11:23","modified_gmt":"2026-01-30T12:11:23","slug":"hakkimizda","status":"publish","type":"page","link":"https:\/\/www.mefsaglik.com\/index.php\/hakkimizda\/","title":{"rendered":"Hakk\u0131m\u0131zda"},"content":{"rendered":"\t\t<div data-elementor-type=\"wp-page\" data-elementor-id=\"1420\" class=\"elementor elementor-1420\">\n\t\t\t\t<div class=\"elementor-element elementor-element-76e54e9 e-con-full e-flex wpr-particle-no wpr-jarallax-no wpr-parallax-no wpr-sticky-section-no wpr-equal-height-no e-con e-parent\" data-id=\"76e54e9\" data-element_type=\"container\" data-e-type=\"container\">\n\t\t<div class=\"elementor-element elementor-element-d13be06 e-flex e-con-boxed wpr-particle-no wpr-jarallax-no wpr-parallax-no wpr-sticky-section-no wpr-equal-height-no e-con e-child\" data-id=\"d13be06\" data-element_type=\"container\" data-e-type=\"container\" data-settings=\"{&quot;background_background&quot;:&quot;classic&quot;}\">\n\t\t\t\t\t<div class=\"e-con-inner\">\n\t\t\t\t<div class=\"elementor-element elementor-element-a0fcdea elementor-widget elementor-widget-heading\" data-id=\"a0fcdea\" data-element_type=\"widget\" data-e-type=\"widget\" data-widget_type=\"heading.default\">\n\t\t\t\t\t<h2 class=\"elementor-heading-title elementor-size-default\">Hakk\u0131m\u0131zda<\/h2>\t\t\t\t<\/div>\n\t\t\t\t\t<\/div>\n\t\t\t\t<\/div>\n\t\t\t\t<\/div>\n\t\t<div class=\"elementor-element elementor-element-8f67fe4 e-flex e-con-boxed wpr-particle-no wpr-jarallax-no wpr-parallax-no wpr-sticky-section-no wpr-equal-height-no e-con e-parent\" data-id=\"8f67fe4\" data-element_type=\"container\" data-e-type=\"container\">\n\t\t\t\t\t<div class=\"e-con-inner\">\n\t\t<div class=\"elementor-element elementor-element-b17d363 e-con-full e-flex wpr-particle-no wpr-jarallax-no wpr-parallax-no wpr-sticky-section-no wpr-equal-height-no elementor-invisible e-con e-child\" data-id=\"b17d363\" data-element_type=\"container\" data-e-type=\"container\" data-settings=\"{&quot;animation&quot;:&quot;slideInLeft&quot;}\">\n\t\t\t\t<div class=\"elementor-element elementor-element-e84dfce elementor-widget elementor-widget-heading\" data-id=\"e84dfce\" data-element_type=\"widget\" data-e-type=\"widget\" data-widget_type=\"heading.default\">\n\t\t\t\t\t<h2 class=\"elementor-heading-title elementor-size-default\">K\u00fcresel Medikal Uzmanl\u0131k<\/h2>\t\t\t\t<\/div>\n\t\t\t\t<div class=\"elementor-element elementor-element-c65bd58 elementor-widget elementor-widget-text-editor\" data-id=\"c65bd58\" data-element_type=\"widget\" data-e-type=\"widget\" data-widget_type=\"text-editor.default\">\n\t\t\t\t\t\t\t\t\t<p><strong>MEF Sa\u011fl\u0131k<\/strong>, 2017 y\u0131l\u0131nda kurulmu\u015f olup Ankara\u2019daki merkez ofisi ve \u0130stanbul\u2019daki operasyon birimiyle T\u00fcrkiye genelinde sa\u011fl\u0131k sekt\u00f6r\u00fcne hizmet vermektedir. Kurulu\u015fumuzdan bu yana, hasta odakl\u0131 yakla\u015f\u0131m\u0131m\u0131z\u0131 etik de\u011ferlerle harmanlayarak g\u00fcvenilir, s\u00fcrd\u00fcr\u00fclebilir ve etkili \u00e7\u00f6z\u00fcmler sunmay\u0131 ilke edindik.<\/p><p>Alan\u0131nda uzun y\u0131llara dayanan deneyime sahip uzman ekibimizle birlikte, sa\u011fl\u0131k hizmetlerinde kaliteyi y\u00fckseltmek ve hastalar\u0131n ya\u015fam kalitesini art\u0131rmak i\u00e7in \u00e7al\u0131\u015f\u0131yoruz. \u00d6zellikle yara bak\u0131m \u00fcr\u00fcnleri ve medikal sarf malzemeleri alan\u0131nda, hem kamu hem \u00f6zel sekt\u00f6re y\u00f6nelik profesyonel \u00e7\u00f6z\u00fcmler geli\u015ftiriyoruz.<\/p><p>MEF Sa\u011fl\u0131k olarak \u015feffafl\u0131k, kalite ve g\u00fcveni i\u015f yap\u0131\u015f bi\u00e7imimizin temel ta\u015flar\u0131 olarak g\u00f6r\u00fcyor; bu de\u011ferler do\u011frultusunda i\u015f ortaklar\u0131m\u0131zla uzun vadeli, kar\u015f\u0131l\u0131kl\u0131 faydaya dayal\u0131 ili\u015fkiler kuruyoruz. Her ge\u00e7en g\u00fcn kendimizi yenileyerek, b\u00fcy\u00fcme hedeflerimizi daha ileriye ta\u015f\u0131yor ve sekt\u00f6rdeki \u00f6nc\u00fc konumumuzu g\u00fc\u00e7lendirmeye devam ediyoruz.<\/p><p>Bu vizyon do\u011frultusunda, uluslararas\u0131 alanda tan\u0131nan ve g\u00fcvenilir markalarla i\u015f birli\u011fi yapmaktan gurur duyuyoruz. T\u00fcrkiye distrib\u00fct\u00f6rl\u00fc\u011f\u00fcn\u00fc y\u00fcr\u00fctt\u00fc\u011f\u00fcm\u00fcz markalar aras\u0131nda <strong>Links Medical Products Inc., Winner Medical Co Ltd., Newmedical Technology Inc.<\/strong> ve <strong>Pharmaplast S.A.E.<\/strong> gibi sekt\u00f6r\u00fcn lider firmalar\u0131 yer almaktad\u0131r. Bu g\u00fc\u00e7l\u00fc i\u015f birlikleri sayesinde, d\u00fcnya standartlar\u0131nda \u00fcr\u00fcnleri T\u00fcrk sa\u011fl\u0131k sistemine kazand\u0131r\u0131yor ve hastalar\u0131n ihtiya\u00e7lar\u0131na en uygun \u00e7\u00f6z\u00fcmleri sunuyoruz.<\/p><p><!--EndFragment --><\/p>\t\t\t\t\t\t\t\t<\/div>\n\t\t\t\t<\/div>\n\t\t<div class=\"elementor-element elementor-element-086444c e-con-full e-flex wpr-particle-no wpr-jarallax-no wpr-parallax-no wpr-sticky-section-no wpr-equal-height-no e-con e-child\" data-id=\"086444c\" data-element_type=\"container\" data-e-type=\"container\">\n\t\t\t\t<div class=\"elementor-element elementor-element-7083039 elementor-invisible elementor-widget elementor-widget-image\" data-id=\"7083039\" data-element_type=\"widget\" data-e-type=\"widget\" data-settings=\"{&quot;_animation&quot;:&quot;fadeIn&quot;}\" data-widget_type=\"image.default\">\n\t\t\t\t\t\t\t\t\t\t\t\t\t\t\t<img fetchpriority=\"high\" decoding=\"async\" width=\"1344\" height=\"768\" src=\"https:\/\/www.mefsaglik.com\/wp-content\/uploads\/2026\/01\/Gemini_Generated_Image_bzfymhbzfymhbzfy.png\" class=\"attachment-full size-full wp-image-1424\" alt=\"\" srcset=\"https:\/\/www.mefsaglik.com\/wp-content\/uploads\/2026\/01\/Gemini_Generated_Image_bzfymhbzfymhbzfy.png 1344w, https:\/\/www.mefsaglik.com\/wp-content\/uploads\/2026\/01\/Gemini_Generated_Image_bzfymhbzfymhbzfy-300x171.png 300w, https:\/\/www.mefsaglik.com\/wp-content\/uploads\/2026\/01\/Gemini_Generated_Image_bzfymhbzfymhbzfy-1024x585.png 1024w, https:\/\/www.mefsaglik.com\/wp-content\/uploads\/2026\/01\/Gemini_Generated_Image_bzfymhbzfymhbzfy-768x439.png 768w\" sizes=\"(max-width: 1344px) 100vw, 1344px\" \/>\t\t\t\t\t\t\t\t\t\t\t\t\t\t\t<\/div>\n\t\t\t\t<div class=\"elementor-element elementor-element-22c41ab elementor-invisible elementor-widget elementor-widget-image\" data-id=\"22c41ab\" data-element_type=\"widget\" data-e-type=\"widget\" data-settings=\"{&quot;_animation&quot;:&quot;fadeIn&quot;}\" data-widget_type=\"image.default\">\n\t\t\t\t\t\t\t\t\t\t\t\t\t\t\t<img decoding=\"async\" width=\"1024\" height=\"940\" src=\"https:\/\/www.mefsaglik.com\/wp-content\/uploads\/2026\/01\/met-team.jpg\" class=\"attachment-full size-full wp-image-1315\" alt=\"\" srcset=\"https:\/\/www.mefsaglik.com\/wp-content\/uploads\/2026\/01\/met-team.jpg 1024w, https:\/\/www.mefsaglik.com\/wp-content\/uploads\/2026\/01\/met-team-300x275.jpg 300w, https:\/\/www.mefsaglik.com\/wp-content\/uploads\/2026\/01\/met-team-768x705.jpg 768w\" sizes=\"(max-width: 1024px) 100vw, 1024px\" \/>\t\t\t\t\t\t\t\t\t\t\t\t\t\t\t<\/div>\n\t\t\t\t<\/div>\n\t\t\t\t\t<\/div>\n\t\t\t\t<\/div>\n\t\t<div class=\"elementor-element elementor-element-e809a27 e-flex e-con-boxed wpr-particle-no wpr-jarallax-no wpr-parallax-no wpr-sticky-section-no wpr-equal-height-no e-con e-parent\" data-id=\"e809a27\" data-element_type=\"container\" data-e-type=\"container\">\n\t\t\t\t\t<div class=\"e-con-inner\">\n\t\t\t\t<div class=\"elementor-element elementor-element-577b7bf elementor-widget elementor-widget-spacer\" data-id=\"577b7bf\" data-element_type=\"widget\" data-e-type=\"widget\" data-widget_type=\"spacer.default\">\n\t\t\t\t\t\t\t<div class=\"elementor-spacer\">\n\t\t\t<div class=\"elementor-spacer-inner\"><\/div>\n\t\t<\/div>\n\t\t\t\t\t\t<\/div>\n\t\t\t\t\t<\/div>\n\t\t\t\t<\/div>\n\t\t\t\t<\/div>\n\t\t","protected":false},"excerpt":{"rendered":"<p>Hakk\u0131m\u0131zda K\u00fcresel Medikal Uzmanl\u0131k MEF Sa\u011fl\u0131k, 2017 y\u0131l\u0131nda kurulmu\u015f olup Ankara\u2019daki merkez ofisi ve \u0130stanbul\u2019daki operasyon birimiyle T\u00fcrkiye genelinde sa\u011fl\u0131k sekt\u00f6r\u00fcne hizmet vermektedir. Kurulu\u015fumuzdan bu yana, hasta odakl\u0131 yakla\u015f\u0131m\u0131m\u0131z\u0131 etik de\u011ferlerle harmanlayarak g\u00fcvenilir, s\u00fcrd\u00fcr\u00fclebilir ve etkili \u00e7\u00f6z\u00fcmler sunmay\u0131 ilke edindik. Alan\u0131nda uzun y\u0131llara dayanan deneyime sahip uzman ekibimizle birlikte, sa\u011fl\u0131k hizmetlerinde kaliteyi y\u00fckseltmek ve hastalar\u0131n ya\u015fam kalitesini art\u0131rmak i\u00e7in \u00e7al\u0131\u015f\u0131yoruz. \u00d6zellikle yara bak\u0131m \u00fcr\u00fcnleri ve medikal sarf malzemeleri alan\u0131nda, hem kamu hem \u00f6zel sekt\u00f6re y\u00f6nelik profesyonel \u00e7\u00f6z\u00fcmler geli\u015ftiriyoruz. MEF Sa\u011fl\u0131k olarak \u015feffafl\u0131k, kalite ve g\u00fcveni i\u015f yap\u0131\u015f bi\u00e7imimizin temel ta\u015flar\u0131 olarak g\u00f6r\u00fcyor; bu de\u011ferler do\u011frultusunda i\u015f ortaklar\u0131m\u0131zla uzun vadeli, kar\u015f\u0131l\u0131kl\u0131 faydaya dayal\u0131 ili\u015fkiler kuruyoruz. Her ge\u00e7en g\u00fcn kendimizi yenileyerek, b\u00fcy\u00fcme hedeflerimizi daha ileriye ta\u015f\u0131yor ve sekt\u00f6rdeki \u00f6nc\u00fc konumumuzu g\u00fc\u00e7lendirmeye devam ediyoruz. Bu vizyon do\u011frultusunda, uluslararas\u0131 alanda tan\u0131nan ve g\u00fcvenilir markalarla i\u015f birli\u011fi yapmaktan gurur duyuyoruz. T\u00fcrkiye distrib\u00fct\u00f6rl\u00fc\u011f\u00fcn\u00fc y\u00fcr\u00fctt\u00fc\u011f\u00fcm\u00fcz markalar aras\u0131nda Links Medical Products Inc., Winner Medical Co Ltd., Newmedical Technology Inc. ve Pharmaplast S.A.E. gibi sekt\u00f6r\u00fcn lider firmalar\u0131 yer almaktad\u0131r. Bu g\u00fc\u00e7l\u00fc i\u015f birlikleri sayesinde, d\u00fcnya standartlar\u0131nda \u00fcr\u00fcnleri T\u00fcrk sa\u011fl\u0131k sistemine kazand\u0131r\u0131yor ve hastalar\u0131n ihtiya\u00e7lar\u0131na en uygun \u00e7\u00f6z\u00fcmleri sunuyoruz.<\/p>\n","protected":false},"author":1,"featured_media":0,"parent":0,"menu_order":0,"comment_status":"closed","ping_status":"closed","template":"elementor_canvas","meta":{"footnotes":""},"class_list":["post-1420","page","type-page","status-publish","hentry"],"_links":{"self":[{"href":"https:\/\/www.mefsaglik.com\/index.php\/wp-json\/wp\/v2\/pages\/1420","targetHints":{"allow":["GET"]}}],"collection":[{"href":"https:\/\/www.mefsaglik.com\/index.php\/wp-json\/wp\/v2\/pages"}],"about":[{"href":"https:\/\/www.mefsaglik.com\/index.php\/wp-json\/wp\/v2\/types\/page"}],"author":[{"embeddable":true,"href":"https:\/\/www.mefsaglik.com\/index.php\/wp-json\/wp\/v2\/users\/1"}],"replies":[{"embeddable":true,"href":"https:\/\/www.mefsaglik.com\/index.php\/wp-json\/wp\/v2\/comments?post=1420"}],"version-history":[{"count":13,"href":"https:\/\/www.mefsaglik.com\/index.php\/wp-json\/wp\/v2\/pages\/1420\/revisions"}],"predecessor-version":[{"id":1439,"href":"https:\/\/www.mefsaglik.com\/index.php\/wp-json\/wp\/v2\/pages\/1420\/revisions\/1439"}],"wp:attachment":[{"href":"https:\/\/www.mefsaglik.com\/index.php\/wp-json\/wp\/v2\/media?parent=1420"}],"curies":[{"name":"wp","href":"https:\/\/api.w.org\/{rel}","templated":true}]}}